inder when 277 is divided by y.
13
Suppose 2*u + 5*g = 767, 5*g - 10 = 5. Suppose -28 + u = 12*i. What is the remainder when 115 is divided by i?
28
Let r(n) = 6*n**3 - 55*n**2 - 20*n - 7. Calculate the remainder when r(10) is divided by 78.
59
Let h(k) = 20 + 3*k + k + k - 6*k. Calculate the remainder when 1/(-4) - 522/(-8) is divided by h(9).
10
Let p(t) = -1898*t + 23. Suppose 5*c + 4*z - 425 = -0*z, 3*c - 255 = -2*z. Calculate the remainder when c is divided by p(0).
16
Let a(t) = 16*t - 937. Calculate the remainder when a(72) is divided by 54.
53
Let a = 539 + -938. Let b = 420 + a. Calculate the remainder when b is divided by 6.
3
Let v(y) = -1278*y + 9650. What is the remainder when v(7) is divided by 28?
4
What is the remainder when 5770 is divided by ((-456)/1672)/(2/(-814))?
109
Let c(u) be the second derivative of u**5/20 + 7*u**4/12 - 19*u**3/6 + 7*u**2/2 - 55*u. What is the remainder when 47 is divided by c(-9)?
15
What is the remainder when (-855 - 1)*(-44)/352 is divided by 26?
3
Let f be -4 + (-35 - -1) + 2. Let l = f - -38. Suppose l*p = 6*p - 280. What is the remainder when p is divided by 18?
16
Let z(r) = -3371*r - 5153. What is the remainder when z(-5) is divided by 133?
131
Suppose -2*v + 34*v = 2*v + 5250. Calculate the remainder when 206 is divided by v.
31
Suppose -18*r + 507 = -1149. What is the remainder when 367 is divided by r?
91
What is the remainder when 1554 is divided by (4 - 869)*(-3)/60*4?
170
Let u = 1222 - 337. Let d = u - 630. What is the remainder when d is divided by 43?
40
Let m = -117 - -195. Let x = -60 + m. Suppose -x*d + 13*d = -80. Calculate the remainder when 77 is divided by d.
13
Let c(r) be the third derivative of 0*r - 23*r**2 + 0 - 3/4*r**4 - 71/6*r**3. Calculate the remainder when c(-9) is divided by 26.
13
Let z be 1 + 6/9*6. Suppose 0 = z*n + n - 174. What is the remainder when n is divided by -3 - (4 - 4) - -14?
7
Let k = -986 + 1727. Suppose -28*d + k = -25*d. Calculate the remainder when d is divided by 31.
30
Let c(m) = 11*m + 208. Let y = 379 + -396. Calculate the remainder when 398 is divided by c(y).
20
Suppose o - 5*h + 17 = 0, -5*o - h + 0*h - 33 = 0. What is the remainder when (-3)/o - (4450/(-70) + 4) is divided by 31?
29
Suppose -4*d + 15 + 43 = o, 0 = -4*d - 20. Suppose o = 5*f - 3*f. Calculate the remainder when f is divided by 27.
12
Let i = -415 + 422. Suppose 2*x + 160 = i*x. What is the remainder when x is divided by 12?
8
Suppose 60 = -6*p - 0*p. What is the remainder when 51 is divided by 46/11 + p/55?
3
Let m(i) = -453*i + 3193. What is the remainder when m(6) is divided by 201?
73
Let x = -1158 + 1177. What is the remainder when 89 is divided by x?
13
Let a be 5/((-10)/(-6)) + (6 - 9). Suppose -17 = -3*z - d - a*d, -7 = -3*z + 4*d. Calculate the remainder when (-47 + 1)*(-2)/4 is divided by z.
3
Suppose 12*w - 15*w = -432. Let p = w + -139. Suppose -p*o = -3*o + h - 107, -o - 5*h + 40 = 0. What is the remainder when o is divided by 3?
1
Suppose 3*g + 52 = 4*g - 4*v, 2*g - 116 = 4*v. Calculate the remainder when 453 is divided by g.
5
Let m(l) = 3*l**3 + 75*l**2 - 331*l + 5. What is the remainder when 230 is divided by m(4)?
11
Suppose 2286 = 18*v + 52*v + 57*v. What is the remainder when 697 is divided by v?
13
Suppose -7*l - 5449 - 30569 = -34*l. What is the remainder when l is divided by 347?
293
Let w be (-2)/14 + (-5)/((-140)/4). Suppose -4*t + 5 = o - 0*t, -4*o - 3*t + 20 = w. Suppose -2*r = o*r - 581. What is the remainder when r is divided by 28?
27
Let w(h) = -31*h + 236. Let o(s) = 24*s - 235. Let z(n) = -5*o(n) - 4*w(n). What is the remainder when 104 is divided by z(-50)?
11
Suppose -4*p + 4*v + 84 = 0, p - 3 = 2*v + 22. Calculate the remainder when (-40)/(-340) - 1*(-2140)/p is divided by 33.
27
Let b(t) = -4*t + 14. Let u be 33*6/(-9) - -3. Suppose 0 = g - 1 - 22. What is the remainder when b(u) is divided by g?
21
Let o = 1424 + -1276. Let s(q) = 2*q**2 - 13*q - 20. Let m(h) = 2*h**2 + h. Let g be m(2). What is the remainder when o is divided by s(g)?
48
Let y(i) = 5*i + 13. Let m(t) = -17*t - 25*t + 46 + 39*t. What is the remainder when y(7) is divided by m(13)?
6
Let l = 9865 - 8166. What is the remainder when l is divided by 4?
3
Let s(o) = o**2 - 2*o - 22. Let z be s(0). Let d = z - -36. Calculate the remainder when 40/((8/(-16))/((-1)/2)) is divided by d.
12
Let f = -1989 - -3569. What is the remainder when 3168 is divided by f?
8
Let n = -64083 + 64201. Let k(c) = c**2 - 2*c - 3. What is the remainder when n is divided by k(6)?
13
Let m = -14869 - -14896. Let b = 124 + -72. What is the remainder when b is divided by m?
25
Let z = 9 - 57. Let a = z - -59. What is the remainder when 348/18 + (-3)/9 is divided by a?
8
Suppose -5*n = -n - 8. Let q(d) = 18*d**2 - 114*d - 43. Calculate the remainder when q(7) is divided by n.
1
Let j = -141 - -208. Suppose -2*u - j + 825 = 4*x, x = -u + 380. Suppose 3*w - 3*t = 234 + u, -w - 5*t = -205. What is the remainder when w is divided by 16?
13
Let q(t) = t**2 - 68*t + 1096. What is the remainder when q(61) is divided by 28?
25
Let j(d) = -6*d + 119. Let c be j(18). Suppose -c*h = -255 - 757. What is the remainder when h is divided by 16?
12
Let d(p) = 6*p. Let a(f) = 5*f**2 - 931*f + 229. What is the remainder when a(186) is divided by d(1)?
1
Let k = 7078 + -6967. Calculate the remainder when k is divided by 85.
26
Let o = -19320 - -19467. Calculate the remainder when 321 is divided by o.
27
Let u = 37868 - 37808. What is the remainder when 687 is divided by u?
27
Let z = 166 - 135. Suppose z*b = 55*b - 2064. What is the remainder when b is divided by 2?
0
Let k be (-7306)/(-34) + 18/153. Let y = 233 - k. Calculate the remainder when 70 is divided by y.
16
Let d = -2748 - -2811. What is the remainder when d is divided by 55/10 - 1/2?
3
Let n(d) = -167 - 12*d**2 - 13*d + 59 + 60 + d**3 + 56. Calculate the remainder when 39 is divided by n(13).
7
Suppose -i - 2574 = -4*y - 119, 1220 = 2*y + 2*i. Let j = y + -574. What is the remainder when 777 is divided by j?
36
Let w = -13861 + 13866. Calculate the remainder when 23 is divided by w.
3
Calculate the remainder when 60 is divided by (26 - (25 - 22))*(1/(-1) + 2).
14
Let p = 7855 - 7741. Calculate the remainder when p is divided by 41.
32
Let f(u) = 3*u**2 + 23*u + 56. Let d(i) = -i**2. Let y(n) = -2*d(n) - f(n). Calculate the remainder when y(-17) is divided by 25.
21
Suppose -5*q - 3*u = -1894, -2*q + u - 98 = -849. What is the remainder when q is divided by 14?
13
Let w = 7 + -9. Let t be (5/(-10))/(w/8). Suppose -n + 20 = -3*y + y, -3*y + 5 = t*n. Calculate the remainder when n is divided by 5.
0
Let j = -18106 - -18556. What is the remainder when j is divided by 126?
72
Let z(a) = -3*a**2 + 3*a + 15. Let v be z(6). Let u = v + 96. Suppose -5*r + 17 = -18. What is the remainder when u is divided by r?
0
Let q(m) = m**2 + 20*m + 4. Let g be q(-20). Let z(t) = -t**3 + 4*t**2 + 9*t + 21. What is the remainder when z(g) is divided by 46?
11
Suppose 5*h = 355 + 55. Suppose c + 3 = 4, -3*s + 20 = -4*c. Suppose 3*q = a + 72 - s, -4*q = -3*a - h. Calculate the remainder when q is divided by 8.
6
What is the remainder when 6155 is divided by 11 + -3 + -3 + (-8)/8 + 5?
8
Let h(l) = -185*l - 474. What is the remainder when 295 is divided by h(-3)?
52
Let a(n) = 475*n - 1112. What is the remainder when a(3) is divided by 11?
5
Let k(p) = 2*p**2 + 32*p - 26. Let g be k(-17). What is the remainder when 15 is divided by ((-14)/g)/((-17)/136) - 5?
6
Let b(u) = -u + 84. Let z = 180 - -7. Suppose -z = p - 217. Calculate the remainder when b(0) is divided by p.
24
What is the remainder when (-263246)/(-1634) + 2/(-19) is divided by 11?
7
Suppose 5*r + 3*q - 18 = 0, 34*r = 33*r + 3*q. Suppose 3*n + 0*n - s - 203 = 0, -r*n = -4*s - 191. Calculate the remainder when n is divided by 12.
9
Suppose -4*x = -4*h + 300, 3*x - h = 3*h - 224. Let w = x - -49. Let i = w + 85. Calculate the remainder when i is divided by 15.
13
Suppose -34 = -2*m - 2*b, -4*m + 0*m + 2*b + 92 = 0. Let r(z) = z**3 + 9*z**2 - 7*z - 17. Let g = -85 + 77. Calculate the remainder when r(g) is divided by m.
19
Calculate the remainder when 339 is divided by (-30)/(-345) - 17941/(-253).
55
What is the remainder 